{"id":28,"date":"2019-08-10T09:10:40","date_gmt":"2019-08-10T09:10:40","guid":{"rendered":"http:\/\/wordpress.oculus-plexus.de\/?page_id=28"},"modified":"2022-08-13T18:36:53","modified_gmt":"2022-08-13T18:36:53","slug":"regeln","status":"publish","type":"page","link":"http:\/\/wordpress.oculus-plexus.de\/?page_id=28","title":{"rendered":"Screenshots"},"content":{"rendered":"\n<p>Hier findet Ihr Eindr\u00fccke aus dem Spiel.<\/p>\n\n\n\n<figure class=\"wp-block-image\"><img loading=\"lazy\" decoding=\"async\" width=\"1093\" height=\"757\" src=\"http:\/\/wordpress.oculus-plexus.de\/wp-content\/uploads\/2019\/08\/Screenshot_Sagi-01_2019-08-11.jpg\" alt=\"\" class=\"wp-image-113\" srcset=\"http:\/\/wordpress.oculus-plexus.de\/wp-content\/uploads\/2019\/08\/Screenshot_Sagi-01_2019-08-11.jpg 1093w, http:\/\/wordpress.oculus-plexus.de\/wp-content\/uploads\/2019\/08\/Screenshot_Sagi-01_2019-08-11-300x208.jpg 300w, http:\/\/wordpress.oculus-plexus.de\/wp-content\/uploads\/2019\/08\/Screenshot_Sagi-01_2019-08-11-768x532.jpg 768w, http:\/\/wordpress.oculus-plexus.de\/wp-content\/uploads\/2019\/08\/Screenshot_Sagi-01_2019-08-11-1024x709.jpg 1024w\" sizes=\"auto, (max-width: 1093px) 100vw, 1093px\" \/><figcaption><strong>Hoffentlich f\u00e4llt sie nicht hinunter&#8230;<\/strong><\/figcaption><\/figure>\n\n\n\n<figure class=\"wp-block-image\"><img loading=\"lazy\" decoding=\"async\" width=\"1920\" height=\"1080\" src=\"http:\/\/wordpress.oculus-plexus.de\/wp-content\/uploads\/2019\/08\/Screenshot_20190825_215802.png\" alt=\"\" class=\"wp-image-115\" srcset=\"http:\/\/wordpress.oculus-plexus.de\/wp-content\/uploads\/2019\/08\/Screenshot_20190825_215802.png 1920w, http:\/\/wordpress.oculus-plexus.de\/wp-content\/uploads\/2019\/08\/Screenshot_20190825_215802-300x169.png 300w, http:\/\/wordpress.oculus-plexus.de\/wp-content\/uploads\/2019\/08\/Screenshot_20190825_215802-768x432.png 768w, http:\/\/wordpress.oculus-plexus.de\/wp-content\/uploads\/2019\/08\/Screenshot_20190825_215802-1024x576.png 1024w, http:\/\/wordpress.oculus-plexus.de\/wp-content\/uploads\/2019\/08\/Screenshot_20190825_215802-1140x641.png 1140w\" sizes=\"auto, (max-width: 1920px) 100vw, 1920px\" \/><figcaption><strong>Psijik Villa<\/strong><\/figcaption><\/figure>\n\n\n\n<figure class=\"wp-block-image\"><img loading=\"lazy\" decoding=\"async\" width=\"1417\" height=\"893\" src=\"http:\/\/wordpress.oculus-plexus.de\/wp-content\/uploads\/2019\/08\/Screenshot_Sagi-04_2019-08-11-1.jpg\" alt=\"\" class=\"wp-image-118\" srcset=\"http:\/\/wordpress.oculus-plexus.de\/wp-content\/uploads\/2019\/08\/Screenshot_Sagi-04_2019-08-11-1.jpg 1417w, http:\/\/wordpress.oculus-plexus.de\/wp-content\/uploads\/2019\/08\/Screenshot_Sagi-04_2019-08-11-1-300x189.jpg 300w, http:\/\/wordpress.oculus-plexus.de\/wp-content\/uploads\/2019\/08\/Screenshot_Sagi-04_2019-08-11-1-768x484.jpg 768w, http:\/\/wordpress.oculus-plexus.de\/wp-content\/uploads\/2019\/08\/Screenshot_Sagi-04_2019-08-11-1-1024x645.jpg 1024w, http:\/\/wordpress.oculus-plexus.de\/wp-content\/uploads\/2019\/08\/Screenshot_Sagi-04_2019-08-11-1-1140x718.jpg 1140w\" sizes=\"auto, (max-width: 1417px) 100vw, 1417px\" \/><figcaption><strong>Willkommen bei den Argoniern<\/strong><\/figcaption><\/figure>\n\n\n\n<figure class=\"wp-block-image\"><img loading=\"lazy\" decoding=\"async\" width=\"1920\" height=\"1080\" src=\"http:\/\/wordpress.oculus-plexus.de\/wp-content\/uploads\/2019\/08\/Screenshot_20181116_220556.png\" alt=\"\" class=\"wp-image-125\" srcset=\"http:\/\/wordpress.oculus-plexus.de\/wp-content\/uploads\/2019\/08\/Screenshot_20181116_220556.png 1920w, http:\/\/wordpress.oculus-plexus.de\/wp-content\/uploads\/2019\/08\/Screenshot_20181116_220556-300x169.png 300w, http:\/\/wordpress.oculus-plexus.de\/wp-content\/uploads\/2019\/08\/Screenshot_20181116_220556-768x432.png 768w, http:\/\/wordpress.oculus-plexus.de\/wp-content\/uploads\/2019\/08\/Screenshot_20181116_220556-1024x576.png 1024w, http:\/\/wordpress.oculus-plexus.de\/wp-content\/uploads\/2019\/08\/Screenshot_20181116_220556-1140x641.png 1140w\" sizes=\"auto, (max-width: 1920px) 100vw, 1920px\" \/><figcaption><strong>Hier ist es bestimmt nicht gef\u00e4hrlich<\/strong><br><\/figcaption><\/figure>\n\n\n\n<ul class=\"wp-block-gallery columns-3 is-cropped wp-block-gallery-1 is-layout-flex wp-block-gallery-is-layout-flex\"><li class=\"blocks-gallery-item\"><figure><img loading=\"lazy\" decoding=\"async\" width=\"1024\" height=\"576\" src=\"http:\/\/wordpress.oculus-plexus.de\/wp-content\/uploads\/2022\/08\/Screenshot_20220723_152359-1024x576.png\" alt=\"\" data-id=\"234\" data-link=\"http:\/\/wordpress.oculus-plexus.de\/?attachment_id=234\" class=\"wp-image-234\" srcset=\"http:\/\/wordpress.oculus-plexus.de\/wp-content\/uploads\/2022\/08\/Screenshot_20220723_152359-1024x576.png 1024w, http:\/\/wordpress.oculus-plexus.de\/wp-content\/uploads\/2022\/08\/Screenshot_20220723_152359-300x169.png 300w, http:\/\/wordpress.oculus-plexus.de\/wp-content\/uploads\/2022\/08\/Screenshot_20220723_152359-768x432.png 768w, http:\/\/wordpress.oculus-plexus.de\/wp-content\/uploads\/2022\/08\/Screenshot_20220723_152359-1140x641.png 1140w, http:\/\/wordpress.oculus-plexus.de\/wp-content\/uploads\/2022\/08\/Screenshot_20220723_152359.png 1920w\" sizes=\"auto, (max-width: 1024px) 100vw, 1024px\" \/><\/figure><\/li><li class=\"blocks-gallery-item\"><figure><img loading=\"lazy\" decoding=\"async\" width=\"1024\" height=\"576\" src=\"http:\/\/wordpress.oculus-plexus.de\/wp-content\/uploads\/2022\/08\/Screenshot_20220723_152427-1024x576.png\" alt=\"\" data-id=\"235\" data-link=\"http:\/\/wordpress.oculus-plexus.de\/?attachment_id=235\" class=\"wp-image-235\" srcset=\"http:\/\/wordpress.oculus-plexus.de\/wp-content\/uploads\/2022\/08\/Screenshot_20220723_152427-1024x576.png 1024w, http:\/\/wordpress.oculus-plexus.de\/wp-content\/uploads\/2022\/08\/Screenshot_20220723_152427-300x169.png 300w, http:\/\/wordpress.oculus-plexus.de\/wp-content\/uploads\/2022\/08\/Screenshot_20220723_152427-768x432.png 768w, http:\/\/wordpress.oculus-plexus.de\/wp-content\/uploads\/2022\/08\/Screenshot_20220723_152427-1140x641.png 1140w, http:\/\/wordpress.oculus-plexus.de\/wp-content\/uploads\/2022\/08\/Screenshot_20220723_152427.png 1920w\" sizes=\"auto, (max-width: 1024px) 100vw, 1024px\" \/><\/figure><\/li><li class=\"blocks-gallery-item\"><figure><img loading=\"lazy\" decoding=\"async\" width=\"1024\" height=\"576\" src=\"http:\/\/wordpress.oculus-plexus.de\/wp-content\/uploads\/2022\/08\/Screenshot_20220723_152456-1024x576.png\" alt=\"\" data-id=\"236\" data-link=\"http:\/\/wordpress.oculus-plexus.de\/?attachment_id=236\" class=\"wp-image-236\" srcset=\"http:\/\/wordpress.oculus-plexus.de\/wp-content\/uploads\/2022\/08\/Screenshot_20220723_152456-1024x576.png 1024w, http:\/\/wordpress.oculus-plexus.de\/wp-content\/uploads\/2022\/08\/Screenshot_20220723_152456-300x169.png 300w, http:\/\/wordpress.oculus-plexus.de\/wp-content\/uploads\/2022\/08\/Screenshot_20220723_152456-768x432.png 768w, http:\/\/wordpress.oculus-plexus.de\/wp-content\/uploads\/2022\/08\/Screenshot_20220723_152456-1140x641.png 1140w, http:\/\/wordpress.oculus-plexus.de\/wp-content\/uploads\/2022\/08\/Screenshot_20220723_152456.png 1920w\" sizes=\"auto, (max-width: 1024px) 100vw, 1024px\" \/><\/figure><\/li><li class=\"blocks-gallery-item\"><figure><img loading=\"lazy\" decoding=\"async\" width=\"1024\" height=\"576\" src=\"http:\/\/wordpress.oculus-plexus.de\/wp-content\/uploads\/2022\/08\/Screenshot_20220723_152523-1024x576.png\" alt=\"\" data-id=\"237\" data-link=\"http:\/\/wordpress.oculus-plexus.de\/?attachment_id=237\" class=\"wp-image-237\" srcset=\"http:\/\/wordpress.oculus-plexus.de\/wp-content\/uploads\/2022\/08\/Screenshot_20220723_152523-1024x576.png 1024w, http:\/\/wordpress.oculus-plexus.de\/wp-content\/uploads\/2022\/08\/Screenshot_20220723_152523-300x169.png 300w, http:\/\/wordpress.oculus-plexus.de\/wp-content\/uploads\/2022\/08\/Screenshot_20220723_152523-768x432.png 768w, http:\/\/wordpress.oculus-plexus.de\/wp-content\/uploads\/2022\/08\/Screenshot_20220723_152523-1140x641.png 1140w, http:\/\/wordpress.oculus-plexus.de\/wp-content\/uploads\/2022\/08\/Screenshot_20220723_152523.png 1920w\" sizes=\"auto, (max-width: 1024px) 100vw, 1024px\" \/><\/figure><\/li><li class=\"blocks-gallery-item\"><figure><img loading=\"lazy\" decoding=\"async\" width=\"1024\" height=\"576\" src=\"http:\/\/wordpress.oculus-plexus.de\/wp-content\/uploads\/2022\/08\/Screenshot_20220723_152535-1024x576.png\" alt=\"\" data-id=\"238\" data-link=\"http:\/\/wordpress.oculus-plexus.de\/?attachment_id=238\" class=\"wp-image-238\" srcset=\"http:\/\/wordpress.oculus-plexus.de\/wp-content\/uploads\/2022\/08\/Screenshot_20220723_152535-1024x576.png 1024w, http:\/\/wordpress.oculus-plexus.de\/wp-content\/uploads\/2022\/08\/Screenshot_20220723_152535-300x169.png 300w, http:\/\/wordpress.oculus-plexus.de\/wp-content\/uploads\/2022\/08\/Screenshot_20220723_152535-768x432.png 768w, http:\/\/wordpress.oculus-plexus.de\/wp-content\/uploads\/2022\/08\/Screenshot_20220723_152535-1140x641.png 1140w, http:\/\/wordpress.oculus-plexus.de\/wp-content\/uploads\/2022\/08\/Screenshot_20220723_152535.png 1920w\" sizes=\"auto, (max-width: 1024px) 100vw, 1024px\" \/><\/figure><\/li><li class=\"blocks-gallery-item\"><figure><img loading=\"lazy\" decoding=\"async\" width=\"1024\" height=\"576\" src=\"http:\/\/wordpress.oculus-plexus.de\/wp-content\/uploads\/2022\/08\/Screenshot_20220723_152655-1024x576.png\" alt=\"\" data-id=\"239\" data-link=\"http:\/\/wordpress.oculus-plexus.de\/?attachment_id=239\" class=\"wp-image-239\" srcset=\"http:\/\/wordpress.oculus-plexus.de\/wp-content\/uploads\/2022\/08\/Screenshot_20220723_152655-1024x576.png 1024w, http:\/\/wordpress.oculus-plexus.de\/wp-content\/uploads\/2022\/08\/Screenshot_20220723_152655-300x169.png 300w, http:\/\/wordpress.oculus-plexus.de\/wp-content\/uploads\/2022\/08\/Screenshot_20220723_152655-768x432.png 768w, http:\/\/wordpress.oculus-plexus.de\/wp-content\/uploads\/2022\/08\/Screenshot_20220723_152655-1140x641.png 1140w, http:\/\/wordpress.oculus-plexus.de\/wp-content\/uploads\/2022\/08\/Screenshot_20220723_152655.png 1920w\" sizes=\"auto, (max-width: 1024px) 100vw, 1024px\" \/><\/figure><\/li><\/ul>\n\n\n\n<p>Hier ein paar Fotos von unserem Gewinner des Housingwettbewerbs Anfang 2022. Vic-Hells Lieblingsdaedra ist nat\u00fcrlich Hermaeus Mora<\/p>\n\n\n\n<ul class=\"wp-block-gallery columns-3 is-cropped wp-block-gallery-2 is-layout-flex wp-block-gallery-is-layout-flex\"><li class=\"blocks-gallery-item\"><figure><img loading=\"lazy\" decoding=\"async\" width=\"1024\" height=\"576\" src=\"http:\/\/wordpress.oculus-plexus.de\/wp-content\/uploads\/2022\/08\/Screenshot_20220723_151901-2-1024x576.png\" alt=\"\" data-id=\"241\" data-link=\"http:\/\/wordpress.oculus-plexus.de\/?attachment_id=241\" class=\"wp-image-241\" srcset=\"http:\/\/wordpress.oculus-plexus.de\/wp-content\/uploads\/2022\/08\/Screenshot_20220723_151901-2-1024x576.png 1024w, http:\/\/wordpress.oculus-plexus.de\/wp-content\/uploads\/2022\/08\/Screenshot_20220723_151901-2-300x169.png 300w, http:\/\/wordpress.oculus-plexus.de\/wp-content\/uploads\/2022\/08\/Screenshot_20220723_151901-2-768x432.png 768w, http:\/\/wordpress.oculus-plexus.de\/wp-content\/uploads\/2022\/08\/Screenshot_20220723_151901-2-1140x641.png 1140w, http:\/\/wordpress.oculus-plexus.de\/wp-content\/uploads\/2022\/08\/Screenshot_20220723_151901-2.png 1920w\" sizes=\"auto, (max-width: 1024px) 100vw, 1024px\" \/><\/figure><\/li><li class=\"blocks-gallery-item\"><figure><img loading=\"lazy\" decoding=\"async\" width=\"1024\" height=\"576\" src=\"http:\/\/wordpress.oculus-plexus.de\/wp-content\/uploads\/2022\/08\/Screenshot_20220723_151928-1024x576.png\" alt=\"\" data-id=\"242\" data-link=\"http:\/\/wordpress.oculus-plexus.de\/?attachment_id=242\" class=\"wp-image-242\" srcset=\"http:\/\/wordpress.oculus-plexus.de\/wp-content\/uploads\/2022\/08\/Screenshot_20220723_151928-1024x576.png 1024w, http:\/\/wordpress.oculus-plexus.de\/wp-content\/uploads\/2022\/08\/Screenshot_20220723_151928-300x169.png 300w, http:\/\/wordpress.oculus-plexus.de\/wp-content\/uploads\/2022\/08\/Screenshot_20220723_151928-768x432.png 768w, http:\/\/wordpress.oculus-plexus.de\/wp-content\/uploads\/2022\/08\/Screenshot_20220723_151928-1140x641.png 1140w, http:\/\/wordpress.oculus-plexus.de\/wp-content\/uploads\/2022\/08\/Screenshot_20220723_151928.png 1920w\" sizes=\"auto, (max-width: 1024px) 100vw, 1024px\" \/><\/figure><\/li><li class=\"blocks-gallery-item\"><figure><img loading=\"lazy\" decoding=\"async\" width=\"1024\" height=\"576\" src=\"http:\/\/wordpress.oculus-plexus.de\/wp-content\/uploads\/2022\/08\/Screenshot_20220723_151945-2-1024x576.png\" alt=\"\" data-id=\"243\" data-link=\"http:\/\/wordpress.oculus-plexus.de\/?attachment_id=243\" class=\"wp-image-243\" srcset=\"http:\/\/wordpress.oculus-plexus.de\/wp-content\/uploads\/2022\/08\/Screenshot_20220723_151945-2-1024x576.png 1024w, http:\/\/wordpress.oculus-plexus.de\/wp-content\/uploads\/2022\/08\/Screenshot_20220723_151945-2-300x169.png 300w, http:\/\/wordpress.oculus-plexus.de\/wp-content\/uploads\/2022\/08\/Screenshot_20220723_151945-2-768x432.png 768w, http:\/\/wordpress.oculus-plexus.de\/wp-content\/uploads\/2022\/08\/Screenshot_20220723_151945-2-1140x641.png 1140w, http:\/\/wordpress.oculus-plexus.de\/wp-content\/uploads\/2022\/08\/Screenshot_20220723_151945-2.png 1920w\" sizes=\"auto, (max-width: 1024px) 100vw, 1024px\" \/><\/figure><\/li><li class=\"blocks-gallery-item\"><figure><img loading=\"lazy\" decoding=\"async\" width=\"1024\" height=\"576\" src=\"http:\/\/wordpress.oculus-plexus.de\/wp-content\/uploads\/2022\/08\/Screenshot_20220723_151957-3-1024x576.png\" alt=\"\" data-id=\"244\" data-link=\"http:\/\/wordpress.oculus-plexus.de\/?attachment_id=244\" class=\"wp-image-244\" srcset=\"http:\/\/wordpress.oculus-plexus.de\/wp-content\/uploads\/2022\/08\/Screenshot_20220723_151957-3-1024x576.png 1024w, http:\/\/wordpress.oculus-plexus.de\/wp-content\/uploads\/2022\/08\/Screenshot_20220723_151957-3-300x169.png 300w, http:\/\/wordpress.oculus-plexus.de\/wp-content\/uploads\/2022\/08\/Screenshot_20220723_151957-3-768x432.png 768w, http:\/\/wordpress.oculus-plexus.de\/wp-content\/uploads\/2022\/08\/Screenshot_20220723_151957-3-1140x641.png 1140w, http:\/\/wordpress.oculus-plexus.de\/wp-content\/uploads\/2022\/08\/Screenshot_20220723_151957-3.png 1920w\" sizes=\"auto, (max-width: 1024px) 100vw, 1024px\" \/><\/figure><\/li><li class=\"blocks-gallery-item\"><figure><img loading=\"lazy\" decoding=\"async\" width=\"1024\" height=\"576\" src=\"http:\/\/wordpress.oculus-plexus.de\/wp-content\/uploads\/2022\/08\/Screenshot_20220723_152033-2-1024x576.png\" alt=\"\" data-id=\"245\" data-link=\"http:\/\/wordpress.oculus-plexus.de\/?attachment_id=245\" class=\"wp-image-245\" srcset=\"http:\/\/wordpress.oculus-plexus.de\/wp-content\/uploads\/2022\/08\/Screenshot_20220723_152033-2-1024x576.png 1024w, http:\/\/wordpress.oculus-plexus.de\/wp-content\/uploads\/2022\/08\/Screenshot_20220723_152033-2-300x169.png 300w, http:\/\/wordpress.oculus-plexus.de\/wp-content\/uploads\/2022\/08\/Screenshot_20220723_152033-2-768x432.png 768w, http:\/\/wordpress.oculus-plexus.de\/wp-content\/uploads\/2022\/08\/Screenshot_20220723_152033-2-1140x641.png 1140w, http:\/\/wordpress.oculus-plexus.de\/wp-content\/uploads\/2022\/08\/Screenshot_20220723_152033-2.png 1920w\" sizes=\"auto, (max-width: 1024px) 100vw, 1024px\" \/><\/figure><\/li><\/ul>\n\n\n\n<p>Sagittarius&#8216; Einrichtung f\u00fcr Hermaeus Mora darf nat\u00fcrlich auch nicht fehlen.<\/p>\n\n\n\n<p><\/p>\n","protected":false},"excerpt":{"rendered":"<p>Hier findet Ihr Eindr\u00fccke aus dem Spiel. Hier ein paar Fotos von unserem Gewinner des Housingwettbewerbs Anfang 2022. Vic-Hells Lieblingsdaedra ist nat\u00fcrlich Hermaeus Mora Sagittarius&#8216; Einrichtung f\u00fcr Hermaeus Mora darf nat\u00fcrlich auch nicht fehlen.<\/p>\n","protected":false},"author":1,"featured_media":0,"parent":0,"menu_order":0,"comment_status":"closed","ping_status":"closed","template":"","meta":{"footnotes":""},"class_list":["post-28","page","type-page","status-publish","hentry"],"_links":{"self":[{"href":"http:\/\/wordpress.oculus-plexus.de\/index.php?rest_route=\/wp\/v2\/pages\/28","targetHints":{"allow":["GET"]}}],"collection":[{"href":"http:\/\/wordpress.oculus-plexus.de\/index.php?rest_route=\/wp\/v2\/pages"}],"about":[{"href":"http:\/\/wordpress.oculus-plexus.de\/index.php?rest_route=\/wp\/v2\/types\/page"}],"author":[{"embeddable":true,"href":"http:\/\/wordpress.oculus-plexus.de\/index.php?rest_route=\/wp\/v2\/users\/1"}],"replies":[{"embeddable":true,"href":"http:\/\/wordpress.oculus-plexus.de\/index.php?rest_route=%2Fwp%2Fv2%2Fcomments&post=28"}],"version-history":[{"count":11,"href":"http:\/\/wordpress.oculus-plexus.de\/index.php?rest_route=\/wp\/v2\/pages\/28\/revisions"}],"predecessor-version":[{"id":246,"href":"http:\/\/wordpress.oculus-plexus.de\/index.php?rest_route=\/wp\/v2\/pages\/28\/revisions\/246"}],"wp:attachment":[{"href":"http:\/\/wordpress.oculus-plexus.de\/index.php?rest_route=%2Fwp%2Fv2%2Fmedia&parent=28"}],"curies":[{"name":"wp","href":"https:\/\/api.w.org\/{rel}","templated":true}]}}